k(o) = -95*o + 209. Let p be k(-5). Calculate the greatest common factor of 9 and p.
9
Suppose 0 = f + f - 10. Let o be (-2)/f - (-321)/15. Let c(n) = n**2 + 6*n - 6. Let a be c(-9). Calculate the highest common divisor of o and a.
21
Suppose -44*z = -16*z - 5852. Calculate the highest common divisor of z and 152.
19
Suppose 164 + 364 = 6*b. What is the greatest common factor of b and 154?
22
Suppose -4*l = l - 110. Let a be (-36)/(-21) - 4/(-14). Suppose 344 - 36 = a*k. Calculate the greatest common divisor of k and l.
22
Suppose 35 = 5*m - 0*m. Let c be (-77)/(-22)*20/m. Let j = 29 + -9. Calculate the highest common factor of c and j.
10
Let y = -37 + 9. Let r = -16 - y. Calculate the greatest common divisor of r and 108.
12
Let i(q) = q**3 + 5*q**2 - 9*q + 13. Let c be i(-6). Calculate the greatest common divisor of c and 496.
31
Let h(l) = -72*l + 280. Let j be h(3). What is the greatest common factor of 12 and j?
4
Suppose -o - 132 = -7*o. Let p be (-5)/(-10)*o/4*4. Let u be ((-22)/6)/(2/(-42)). What is the highest common factor of p and u?
11
Suppose 3*g - 36 = 7*g. Let l be (-4)/1*g/18. Suppose -l*p - 3 = -9. Calculate the greatest common divisor of p and 9.
3
Let p be (-21)/(63/300)*-6. What is the highest common divisor of p and 48?
24
Let o(a) = 2*a**3 + 2*a + 136. Let u be o(0). What is the highest common factor of u and 102?
34
Suppose -2*q + 4*q - 4 = 0. Suppose -2*p = -b + 13 - q, b = -2*p + 11. Calculate the highest common divisor of b and 11.
11
Suppose -729 + 477 = -6*k. Let w = -24 + 52. Let p be (-2 - 5/(-2))*w. Calculate the highest common factor of p and k.
14
Let w = 59 - 57. Suppose -w*s = -4*p - 7*s + 346, 3*p - 254 = -s. Let f = -139 - -195. What is the highest common factor of f and p?
28
Suppose -9*f = -193 - 185. Let n = -21 - -35. Calculate the greatest common divisor of f and n.
14
Suppose -10*v + 291 = -5*v + 3*f, -177 = -3*v - f. Calculate the greatest common divisor of 144 and v.
12
Suppose 0 = 13*v + 8531 - 47141. Suppose -17*l = -8*l - v. Calculate the highest common factor of l and 66.
66
Suppose 6*d + 286 = 7*d. Let a be 13/3*(15 + -9). Calculate the greatest common factor of d and a.
26
Let g = 31 - 1. Suppose 2*r - 30 = 2*x + 3*x, -2*r + 4*x = -g. Let h be 2*r/(-12)*-2. What is the greatest common factor of 15 and h?
5
Suppose -5*w + 2*g = -85, -3*g + 3 - 83 = -5*w. Calculate the greatest common divisor of 2432 and w.
19
Suppose 0 = -2*s - 6 - 0. Let x be 1/s - (-268)/12. Let t(w) = -w**3 - 3*w**2 - 3*w. Let y be t(-2). Calculate the highest common divisor of x and y.
2
Let a = 893 + -881. What is the greatest common divisor of 27 and a?
3
Suppose 973 + 2699 = 24*o. Suppose c + 102 = 5*j + 21, j = -3*c + 29. What is the highest common divisor of o and j?
17
Suppose 5*f + 2*l = 115, -53 = -2*f - l - 6. Calculate the greatest common factor of f and 35.
7
Let g be 2*(7 + 9 + -14). Let y = 20 - 10. Calculate the greatest common factor of g and y.
2
Let f = -175 - -196. Calculate the highest common divisor of f and 112.
7
Let n be ((-1)/(2/4))/(10/(-20)). Suppose n*x - 22 = -f, -42 = -5*f - 0*f - 3*x. Calculate the highest common factor of f and 54.
6
Let w be 5 - ((-5)/1 - -3). Let i = 16 - -5. Calculate the highest common divisor of i and w.
7
Suppose 0 = -j + 7*c - 2*c - 13, 4*j - 33 = 3*c. Calculate the highest common factor of 132 and j.
12
Suppose 6*a - 175 - 305 = 0. What is the highest common divisor of 48 and a?
16
Suppose 0 = -5*u - 388 + 1333. What is the greatest common divisor of 81 and u?
27
Suppose 3*w = 2*u - 8 - 8, u + 5*w = -18. Let k(z) = -z**2 - 9*z + u + 2*z**2 - 1 + 8*z. Let l be k(3). What is the highest common factor of l and 28?
7
Suppose 16788*o - 16785*o - 36 = 0. Calculate the highest common divisor of o and 68.
4
Suppose 17*d - 7*d - 300 = 0. Let g be ((-168)/d)/((-6)/75). Calculate the greatest common factor of g and 10.
10
Suppose -2*j + 2*l = -6*j - 16, j = -4*l - 18. Let z = j - -254. What is the greatest common divisor of z and 36?
36
Let w = 62 - 57. Suppose w*u = -3*d + 160, 0 = 5*u - d - 0*d - 160. Let n be ((-5)/(-3))/((-3)/(-144)). Calculate the greatest common divisor of n and u.
16
Let b be (5 + 35/(-15))*(-54)/(-12). Calculate the greatest common divisor of 8 and b.
4
Let i = 581 - 529. Let u = 13 + 0. What is the highest common factor of u and i?
13
Let x be 4/(4 - 2) + 2. Let s(j) = j**3 + 2*j**2 + j - 224. Let l be s(0). Let w be 111/4 + 8/l*-7. Calculate the greatest common factor of x and w.
4
Let g(z) = 0*z - z - 7 - 4*z + 4*z. Let w be g(-8). Let d be 2*w/(-6)*-6. Calculate the greatest common divisor of d and 2.
2
Let a(i) be the third derivative of i**6/120 - 11*i**5/60 + 13*i**4/24 + 11*i**3/3 + 4*i**2. Let x be a(11). Calculate the highest common factor of x and 15.
15
Let k(b) = 3*b**2 - 18*b + 6. Let l be k(-10). Let u(i) = i**3 + 10*i**2 + 4*i + 9. Let d be u(-9). What is the highest common factor of d and l?
54
Let n be (192/(-240))/((-4)/2750). Calculate the highest common divisor of n and 22.
22
Suppose 3*o - 7 = -4*v, o - 4 = 34*v - 37*v. Let w be (10 + -7)*(-2)/(-3). Calculate the highest common divisor of o and w.
1
Suppose -q + 0 = -3. Suppose -2*u - 24 = 5*y - 70, q*y - 34 = 2*u. Calculate the greatest common divisor of y and 5.
5
Let g = 630 - 440. What is the highest common factor of g and 57?
19
Suppose 591 - 141 = 2*k. Suppose 18 = r + 4*h, -5*r + h + 33 - 6 = 0. Suppose -r*o = 3*o - 225. Calculate the greatest common factor of k and o.
25
Suppose 0 = 4*h + 253 - 621. Let g = h + 38. Suppose -41 = -c - 5*j, -4*c - 4*j + g = 46. What is the highest common factor of c and 80?
16
Let o(p) = -p**3 - p - 102. Let h be o(0). Suppose -5*n - 3*q = 340 + 1, 5*n - 4*q = -327. Let r = n - h. Calculate the highest common divisor of 5 and r.
5
Let d(f) = -46*f + 198. Let t be d(4). What is the highest common factor of t and 3514?
14
Let q be (44 - 1*(5 + -4)) + -2. Let m = -25 - -2. Let h = q + m. Calculate the highest common factor of 9 and h.
9
Suppose -45*a + 1320 = -23*a. What is the greatest common factor of 372 and a?
12
Let l = 24 - 18. Suppose l = 3*c - 36. Let b = 63 + c. What is the highest common divisor of b and 11?
11
Suppose -3*x + 4 = -5. Suppose -j + 36 = x*j. Suppose 0 = -q + 3 + j. What is the greatest common factor of 18 and q?
6
Let o(l) = l**2 + 3*l + 2. Let u(h) = -h**3 + 8*h**2 - 6*h. Let d be u(7). Let n = d + -10. Let r be o(n). What is the greatest common divisor of r and 18?
2
Let z be (693/55)/(-7)*-15. What is the greatest common factor of z and 531?
9
Suppose 5*p = 3*z + 846, 340 = 2*p + 3*z - 5*z. What is the highest common divisor of 112 and p?
56
Suppose 3*s = 5*s - 6. Suppose 0 = s*a + 4*p - 182, -5*a - 5*p + 306 = -p. Suppose -4*z = -2 - a. Calculate the greatest common factor of 16 and z.
16
Let h(u) = -4*u + 57. Let j be h(13). Suppose 3*k - 177 = -3*g, 0 = -3*g + 4*k + 176 + 1. Suppose 259 = 5*r + g. Calculate the highest common factor of j and r.
5
Suppose 526 - 662 = -2*w. What is the highest common divisor of 4 and w?
4
Suppose 2*d - 5*d = 4*f - 375, -2*f - 264 = -2*d. Let s = d + -69. Calculate the greatest common factor of 24 and s.
12
Let c = -646 + 700. Let y be (6/5)/((-9)/(-30)). Let q = y + 2. Calculate the highest common divisor of q and c.
6
Let w(j) = j + 13. Let f be w(-13). Let q be f + (-1 - (-172)/4). Let p be q/(6*4/16). What is the highest common divisor of 4 and p?
4
Suppose -3*h + 6 = -0*z + 3*z, 4*h - 8 = 4*z. Suppose 2 = 2*f - h. Suppose -f*u - 105 = -5*u. Calculate the greatest common divisor of 5 and u.
5
Let w(u) = u**2 - 2*u - 19. Let r be w(-8). Calculate the highest common factor of 61 and r.
61
Suppose 64 - 44 = 5*i. Let u be i*12/80 + 114/10. What is the greatest common factor of 60 and u?
12
Suppose -4*g + 40 = -0*g. Suppose 5*z = -10, -z + 11 = 4*q - 7. Suppose -5*b - 5*r = -85, -3*b = -2*b + q*r - 25. What is the highest common factor of b and g?
5
Suppose -4*t - d = -41, -10 = -2*t + 2*d - 2. Let n(y) = -y**2 + 17*y - 7. Let j be n(13). What is the greatest common factor of t and j?
9
Let o(j) = j**2 - j - 66. Let c be o(0). Let f = c + 77. Let k = 19 - -3. What is the greatest common factor of f and k?
11
Suppose 3*u + 169 = 2*g, 2*g + 16*u - 14*u = 144. What is the greatest com